4 - -4 - (13 - 13 - (0 - -4))
-16
-4 - ((-6 - 1) + (3 + -8 - -31))
-23
What is -9 - (48 - 36 - (5 - -27))?
11
Evaluate 3 + 34 + (-28 - -19 - -2) + 8.
38
Calculate 13 + (-14 - (-6 - 7)) - 15.
-3
Calculate -28 + (6 - -6) + 13 + (-2 - 26).
-31
Calculate 38 + -24 + -2 - 12.
0
Evaluate -1 + 7 + -5 + (-12 - -14) + 0.
3
What is -20 + (26 - 14) + -37 + 26?
-19
Evaluate 12 - (10 + -9 + 6) - -9.
14
Evaluate (-22 - -8) + 5 + 17.
8
Evaluate 4 + (-10 - 8) + 9.
-5
Calculate -2 - (-9 - -9) - 1 - -4 - 9.
-8
Calculate 15 + -4 + (-7 - (1 + 2)) + -31.
-30
-6 - (-13 - -40 - 21)
-12
Evaluate 28 + -26 - 20 - (1 + -5).
-14
What is -16 - -19 - ((-3 - -6) + -23 - 2)?
25
Calculate -19 - (-19 + 40 + -52).
12
Calculate (-10 - ((-7 - -3) + 0) - 0) + 8.
2
Calculate -18 + 9 + (4 + 2 - 0).
-3
What is the value of -26 + 1 + -2 + (-1681 - -1681)?
-27
What is the value of 1 + (-14 + 10 - 10 - 3)?
-16
What is (3 - -5) + -5 + -5 + 3 + 8?
9
What is -3 - (-7 + 7 + -2 + -6)?
5
-9 - (7 + -52 + (11 - 8))
33
Calculate (7 - -10) + 18 + -22 + 1 + 0.
14
9 - (20 - (-24 - -20))
-15
What is the value of -27 + 25 + 19 - -6?
23
Calculate (-4 - 12) + (16 + -50 - -70).
20
-7 - (-7 + -6) - (58 + -41)
-11
Evaluate -7 + 11 + -8 + 2 + (2 - 2).
-2
Calculate -16 - -10 - 23 - -8 - (-8 - 0).
-13
What is 16 + 1 + -5 + 41 + -45?
8
What is the value of (-21 - (5 + -26)) + 13?
13
-17 + 1 + -39 + 67
12
What is 9 - ((-6 + -16 - -10) + 8)?
13
Calculate 4 - (27 + -21 + 5).
-7
What is (15 - (0 + 2)) + (-11 - (-23 - -17))?
8
20 + -8 - (-64 + 48)
28
What is -16 - (-1 - 9) - -2?
-4
What is -17 + -14 + 13 + (-8 - -1)?
-25
Calculate 12 + 0 + -60 + 53.
5
What is (-5 - -2) + 49 + -44 - -9?
11
(-2 - 13) + (18 - 0) + 10
13
Calculate 19 + (-4 - -3) - ((-23 - -57) + -38).
22
Evaluate 8 - ((6 - -8) + -13).
7
Evaluate (-14 + -1 - -12) + 13.
10
-5 + 4 - -14 - 10
3
-1 - 4 - (-207 - -194)
8
Evaluate (-38 - -52) + (-4 + -2 - -2).
10
-21 + -1 - ((5 + 22 - -2) + -29)
-22
Evaluate -17 - (23 + (19 - 52)).
-7
14 + -17 + 18 - 9
6
Evaluate 3 + (-4 + 2 - 4 - -5).
2
What is (-1 - -2 - (3 + -5)) + (-7 - 9)?
-13
Calculate 1 + -8 + -7 + 5 + -5 + 23.
9
-11 + 12 + -16 + 35
20
What is 21 + -23 - 5 - (0 + 1 + -24)?
16
What is the value of 22 + (12 - 22) - -5?
17
4 - 3 - (-4 - (5 + 1))
11
Evaluate -7 - (-1 - 1 - 2) - 1.
-4
0 + -11 - (-41 + 9 + 29)
-8
What is the value of -17 - (0 - 0 - 10 - -4)?
-11
Evaluate 313 - 329 - (-1 - (1 + -2 - -5)).
-11
Calculate (-29 - -29) + -2 + 3 - -8 - 5.
4
What is the value of 0 + (5 + -15 - -13 - -10)?
13
What is the value of (4 - (10 - 15)) + 0 + 2?
11
What is the value of 4 + (-17 - -5 - -4 - -4) + 5?
5
What is the value of (-14 - -9) + ((-5 - -2) + 3 - 0)?
-5
What is (12 - (12 - -3 - -11)) + -2?
-16
Calculate -9 + (3 + -11 - -20) - -4.
7
Evaluate -8 + (5 - (4 + 1)) - -18.
10
Calculate 7 - 30 - ((15 - 22) + (13 - 7)).
-22
3 + (20 - (-11 + 21)) + -3
10
What is the value of -2 + (-10 + 43 - 25)?
6
Calculate (-15 - -36) + -9 + 6 + -12.
6
(19 - 1 - 20) + (-2 - -9)
5
What is 8 + 1 - (-15 + (5 - -20))?
-1
Evaluate -189 - -202 - (1 + 24).
-12
Evaluate 21 + -9 - 2 - -5 - 6.
9
-3 - (15 + -5 - 4 - 0)
-9
Evaluate 39 - 40 - (11 - 2).
-10
Calculate 8 + 4 + 22 + -51 + 38.
21
Calculate -9 + -10 + 8 + 6 - -9.
4
What is 1 - -3 - 2 - (1 + -1) - -9?
11
Calculate (-17 - -24) + -6 + -1 + 0.
0
What is the value of 9 + -33 + 15 + 5 - -2?
-2
-16 + 6 + 14 + (0 - 9)
-5
Calculate (-23 + 37 - -7) + -17.
4
Calculate (-24 - -27) + 3 + -2 + -3.
1
What is the value of 107 - 95 - (19 + -2)?
-5
-12 + 10 + -13 + 5
-10
Evaluate (-9 - -5) + 6 - (5 + -6).
3
Calculate -37 - -36 - (-11 + 30).
-20
What is the value of -4 + (-1 - 10) + 23 - 0?
8
8 - (7 + (-1 - 4) + 7)
-1
Calculate (-43 - 1) + (-982 - -1044).
18
Evaluate -2 + (1 + -12 - -13) + (-1 - 0).
-1
-7 + -8 + (12 + 7 - 7) + -3
-6
Calculate (8 + (1 - 11) - (-2 + 4)) + -10.
-14
17 - (-26 + 27) - (10 + 3)
3
What is the value of 0 - 12 - (25 - (20 - -8))?
-9
Evaluate -30 + 20 + -3 + (4 - 21).
-30
What is the value of 5 - (255 + -253 + 11 + 0)?
-8
Evaluate 8 + (6 - 0) + -45 + 44.
13
(23 + -24 - (0 + 5) - -5) + 0
-1
2 - (62 + -17) - -28
-15
7 + (7 - -10) - 26 - (0 + 0)
-2
What is -12 + 11 + 13 + (4 - (-6 + 15))?
7
Calculate 20 + -11 + (16 + -37 - (-3 + 3)).
-12
Evaluate 0 + 8 + 1 + -7 + 34 + -43.
-7
Evaluate 0 + 19 + 0 + -50 + 45 + -3.
11
Evaluate -2 + (-14 - -23 - 28).
-21
Calculate 84 + -63 + (-26 - 2).
-7
27 + -17 - (10 - 10)
10
What is the value of -10 - (3 - (8 + (-3 - -5)))?
-3
Evaluate (4 - -4 - 9) + 6 - 12.
-7
Calculate -2 + -1 + -2 + 62 + -55 + 8.
10
What is the value of (-2 + (17 - 8) - 11) + 12?
8
What is the value of (4 - 28) + -127 + 155?
4
What is 76 + (-2 - 38) + -25?
11
Evaluate (-4 - -3) + 3 + -3 + (-14 - -11).
-4
Calculate -7 - (-1 + -4 + 18 - 7 - 6).
-7
What is 2 - ((18 - 17) + -7)?
8
What is the value of 4 + 2 + -55 + 44 + 11?
6
What is -2 + (50 - 33) + 1?
16
Evaluate 2 + 18 - (2 - -27) - -14.
5
What is the value of (35 - (-11 + 33)) + 4?
17
What is 2 - (-11 - (-2 - (8 - 1 - -26)))?
-22
What is the value of -8 - (-11 - (10 + -3 + -9))?
1
Calculate -36 - (-23 - -37 - 34).
-16
What is the value of (19 - -1) + -21 - 2?
-3
(32 - 42) + -26 + 12
-24
What is -7 - -20 - (-18 + 39)?
-8
What is 1 + 19 + -13 - 4?
3
Calculate 1 + ((-10 - 6) + 4 - -7 - -7).
3
Evaluate 13 + (-4 - (3 - (-9 - -15))).
12
What is 3 + 1 + (-9 + -14 - 13) + 7?
-25
What is (17 - (-1 + -6)) + 5?
29
Calculate 1 - 43 - (1180 + -1203).
-19
What is (-7 - 2) + -2 + -7 + 11?
-7
What is the value of -2 + (8 - (8 - -2) - -10)?
6
What is 7 + (13 - 17) + 5 - 0?
8
Evaluate 0 + (-3 + -1 - 0) + -5 + 0.
-9
What is 18 + (-7 - -10) + -14?
7
Calculate 49 - (20 - (-1 - (12 + -22))).
38
Evaluate 12 - (19 + 12 + -17).
-2
What is (8 - (-8 + 15 + -6) - 2) + -27?
-22
What is the value of 15 - (11 - (6 + -7 + 7))?
10
What is the value of 7 - (5 + (5 - (0 + 7)))?
4
What is 6 + (-16 - -3 - -12)?
5
What is the value of (21 - -2) + -13 + -2 + 2?
10
10 + 19 + -14 + (-5 - 0)
10
What is the value of -4 - ((16 - 24) + -12)?
16
What is (-7 - (-14 - -23)) + 35?
19
-1 + -24 + -35 + 47
-13
((0 - (3 - -1)) + 6 - -4) + -9
-3
Evaluate 14 - (36 - (29 + 0 - 14)).
-7
Evaluate -5 + 30 - (-5 - -21).
9
What is -7 - (-15 - -4) - 11?
-7
What is the value of 2 + -20 - (-7 - 0 - (-36 + 26))?
-21
What is (-58 - -44) + -1 + 14?
-1
14 + (15 - 9) + -7 + -4 + 2
11
Evaluate -203 + 194 - (-12 - 0).
3
Evaluate -10 + -3 + -11 + 19 - (15 - 2).
-18
Calculate (8 - (0 - (-4 - 0))) + (-10 - 0).
-6
What is the value of (13 - 17) + (-7 - -7) + -20?
-24
Evaluate 15 + (0 - (-10 + 8)) + -19.
-2
3 + (12 - (10 + 1 + 1))
3
What is the value of -6 + 11 - (-1 - (5 - (7 + -5)))?
9
What is (2 - 32) + 30 + -2?
-2
What is the value of 10 + -3 - 2 - (-15 + 19)?
1
What is the value of -10 - ((5 - 17) + 1)?
1
2 - ((2 - 14) + -2 - -7) - 12
-3
Evaluate 27 + (-46 - (-10 - 22)).
13
What is the value of 10 + (8 - (-2 - (-9 + 2)))?
13
Evaluate (23 - 20) + (4 - (-1 - (-22 + 4))).
-10
20 - 13 - (2 + 4 + 2)
-1
What is -4 - (-4 - -1) - (17 - (26 + 6))?
14
What is the value of 32 + (-21 - 0) + -19?
-8
What is the value of 1 + 4 + (-11 - 1 - -7)?
0
-2 + 2 + 14 - (-26 + 23)
17
What is the value of -6 - -16 - (0 - (-35 - (-6 + -2)))?
-17
What is 201 + -225 - (0 - 11)?
-13
Evaluate 19 - ((13 - (5 + 5)) + -4).
20
Evaluate (-5 - -6 - -18) + -12.
7
What is -42 + 42 + (5 - -7) - (0 + -4)?
16
Evaluate 12 + (9 + -11 - (4 + -2)).
8
Evaluate 4 + (11 - 24 - 9).
-18
Evaluate 9 + -1 - (2 + 15 + -8).
-1
-14 + 35 - (15 - 2 - -47)
-39
Evaluate (-3 - 0) + 3 + 2 + 6 + -7.
1
Evaluate (-2 - -3) + (-8 - (-2 - 8)).
3
-3 + (-3 - -3) - (-7 + 6 + -6)
4
Evaluate 30 + -36 - ((6 - 0) + 0).
-12
Evaluate (25 - (-14 - -25)) + (-2 - (2 - 12)).
22
What is the value of -617 - -609 - (4 + (1 - -1) + -3)?
-11
What is the value of -7 + (-15 + 4 - -20)?
2
Calculate -8 + 0 + (3 - (-21 + 3)).
13
What is the value of -74 + 56 + -4 + 12?
-10
Evaluate 19 - (-3 + -4 + (13 - -3)).
10
What is the value of (-3 - -4) + -29 + 24 + 6?
2
Evaluate 12 - (-3 - (-12 - 3)).
0
Evaluate (0 + 3 - 10 - (-2 + 6)) + 5.
-6
Evaluate -55 + 58 + (-3 - 1) - 12.
-13
Calculate 11 + (-6 - 10) + (0 - 4).
-9
Evaluate 7 + -9 + 12 + 0.
10
(-20 + -2 - (-17 - -13)) + 8
-10
Calculate -5 + 2 + -9 - (10 - 36).
14
Calculate (-7 - 1) + 10 + 19 + 4 + -2.
23
3 - (-32 + 37) - 24
-26
What i